{"id":509,"date":"2025-01-15T17:40:05","date_gmt":"2025-01-15T16:40:05","guid":{"rendered":"https:\/\/mundobarbacoa.net\/?page_id=509"},"modified":"2025-01-15T18:19:01","modified_gmt":"2025-01-15T17:19:01","slug":"barbacoas-kamado","status":"publish","type":"page","link":"https:\/\/mundobarbacoa.net\/index.php\/barbacoas-kamado\/","title":{"rendered":"Barbacoas Kamado"},"content":{"rendered":"\n<p class=\"has-nv-dark-bg-color has-nv-c-2-background-color has-text-color has-background has-link-color has-medium-font-size wp-elements-6f8e44dd5bc529b037db64a43380976e\"><strong>Te proporcionamos las mejores barbacoas Kamado. Bas\u00e1ndonos en opiniones de los usuarios y por ser las m\u00e1s vendidas. <\/strong><\/p>\n\n\n\n<div class=\"wp-block-columns has-nv-site-bg-background-color has-background is-layout-flex wp-container-core-columns-layout-1 wp-block-columns-is-layout-flex\">\n<div class=\"wp-block-column is-layout-flow wp-block-column-is-layout-flow\"><div class=\"wp-block-image\">\n<figure class=\"aligncenter size-full is-resized\"><a href=\"https:\/\/amzn.to\/3Wk7cKs\"><img loading=\"lazy\" decoding=\"async\" width=\"683\" height=\"996\" src=\"https:\/\/mundobarbacoa.net\/wp-content\/uploads\/2025\/01\/515LI9GcyuL._AC_SL1024_.jpg\" alt=\"Parrilla Kamado de cer\u00e1mica. Barbacoa cer\u00e1mica Kamado 76 cm con estantes plegables con tapa abatible y term\u00f3metro. Ventilaci\u00f3n doble para asar, hornear y ahumar. \" class=\"wp-image-515\" style=\"width:253px;height:auto\" srcset=\"https:\/\/mundobarbacoa.net\/wp-content\/uploads\/2025\/01\/515LI9GcyuL._AC_SL1024_.jpg 683w, https:\/\/mundobarbacoa.net\/wp-content\/uploads\/2025\/01\/515LI9GcyuL._AC_SL1024_-206x300.jpg 206w\" sizes=\"(max-width: 683px) 100vw, 683px\" \/><\/a><\/figure><\/div>\n\n\n<p class=\"has-text-align-center has-nv-dark-bg-color has-nv-c-2-background-color has-text-color has-background has-link-color wp-elements-027667114f9bbb45ef1ba4cbf4493742\"><strong>Barbacoa cer\u00e1mica Kamado 76 cm Ventilaci\u00f3n doble para asar, hornear y ahumar.<\/strong><\/p>\n\n\n\n<div class=\"wp-block-buttons is-content-justification-center is-layout-flex wp-container-core-buttons-layout-1 wp-block-buttons-is-layout-flex\">\n<div class=\"wp-block-button has-custom-width wp-block-button__width-100\"><a class=\"wp-block-button__link has-nv-dark-bg-color has-text-color has-background has-link-color wp-element-button\" href=\"https:\/\/amzn.to\/3Wk7cKs\" style=\"background:linear-gradient(135deg,rgb(252,185,0) 100%,rgb(255,105,0) 100%)\">Ver<strong> en Amazon<\/strong><\/a><\/div>\n<\/div>\n<\/div>\n\n\n\n<div class=\"wp-block-column is-layout-flow wp-block-column-is-layout-flow\"><div class=\"wp-block-image\">\n<figure class=\"aligncenter size-full is-resized\"><a href=\"https:\/\/amzn.to\/42gxf9g\"><img loading=\"lazy\" decoding=\"async\" width=\"1345\" height=\"1500\" src=\"https:\/\/mundobarbacoa.net\/wp-content\/uploads\/2025\/01\/71c16Nf024L._AC_SL1500_.jpg\" alt=\"Kamado Joe\u00ae Cl\u00e1sico Joe I Barbacoa de carb\u00f3n de cer\u00e1mica en Rojo Fuego.\" class=\"wp-image-516\" style=\"width:331px;height:auto\" srcset=\"https:\/\/mundobarbacoa.net\/wp-content\/uploads\/2025\/01\/71c16Nf024L._AC_SL1500_.jpg 1345w, https:\/\/mundobarbacoa.net\/wp-content\/uploads\/2025\/01\/71c16Nf024L._AC_SL1500_-269x300.jpg 269w, https:\/\/mundobarbacoa.net\/wp-content\/uploads\/2025\/01\/71c16Nf024L._AC_SL1500_-918x1024.jpg 918w, https:\/\/mundobarbacoa.net\/wp-content\/uploads\/2025\/01\/71c16Nf024L._AC_SL1500_-768x857.jpg 768w\" sizes=\"(max-width: 1345px) 100vw, 1345px\" \/><\/a><\/figure><\/div>\n\n\n<p class=\"has-text-align-center has-nv-dark-bg-color has-nv-c-2-background-color has-text-color has-background has-link-color wp-elements-8cb519d2ca5e4d54e9fde2cb424f53f1\"><strong>Kamado Joe\u00ae Cl\u00e1sico Joe I Barbacoa de carb\u00f3n de cer\u00e1mica en Rojo Fuego<\/strong>.<\/p>\n\n\n\n<div class=\"wp-block-buttons is-content-justification-center is-layout-flex wp-container-core-buttons-layout-2 wp-block-buttons-is-layout-flex\">\n<div class=\"wp-block-button has-custom-width wp-block-button__width-100\"><a class=\"wp-block-button__link has-nv-dark-bg-color has-text-color has-background has-link-color wp-element-button\" href=\"https:\/\/amzn.to\/42gxf9g\" style=\"background:linear-gradient(135deg,rgb(252,185,0) 100%,rgb(255,105,0) 100%)\">Ver<strong> en Amazon<\/strong><\/a><\/div>\n<\/div>\n<\/div>\n\n\n\n<div class=\"wp-block-column is-layout-flow wp-block-column-is-layout-flow\"><div class=\"wp-block-image\">\n<figure class=\"aligncenter size-full is-resized\"><a href=\"https:\/\/amzn.to\/4fYndwz\"><img loading=\"lazy\" decoding=\"async\" width=\"723\" height=\"986\" src=\"https:\/\/mundobarbacoa.net\/wp-content\/uploads\/2025\/01\/61opOfSt7aL._AC_SL1000_.jpg\" alt=\"Char-griller E6714 AKORN Jr. Kamado. Barbacoa de carb\u00f3n port\u00e1til.\" class=\"wp-image-517\" style=\"width:270px;height:auto\" srcset=\"https:\/\/mundobarbacoa.net\/wp-content\/uploads\/2025\/01\/61opOfSt7aL._AC_SL1000_.jpg 723w, https:\/\/mundobarbacoa.net\/wp-content\/uploads\/2025\/01\/61opOfSt7aL._AC_SL1000_-220x300.jpg 220w\" sizes=\"(max-width: 723px) 100vw, 723px\" \/><\/a><\/figure><\/div>\n\n\n<p class=\"has-text-align-center has-nv-dark-bg-color has-nv-c-2-background-color has-text-color has-background has-link-color wp-elements-b28493756fbb9e377d8e291363cd303b\"><strong>Char-griller E6714 AKORN Jr. Kamado. Barbacoa de carb\u00f3n port\u00e1til.<\/strong><\/p>\n\n\n\n<div class=\"wp-block-buttons is-content-justification-center is-layout-flex wp-container-core-buttons-layout-3 wp-block-buttons-is-layout-flex\">\n<div class=\"wp-block-button has-custom-width wp-block-button__width-100\"><a class=\"wp-block-button__link has-nv-dark-bg-color has-text-color has-background has-link-color wp-element-button\" href=\"https:\/\/amzn.to\/4fYndwz\" style=\"background:linear-gradient(135deg,rgb(252,185,0) 100%,rgb(255,105,0) 100%)\">Ver<strong> en Amazon<\/strong><\/a><\/div>\n<\/div>\n<\/div>\n<\/div>\n\n\n\n<div class=\"wp-block-columns has-nv-site-bg-background-color has-background is-layout-flex wp-container-core-columns-layout-2 wp-block-columns-is-layout-flex\">\n<div class=\"wp-block-column is-layout-flow wp-block-column-is-layout-flow\"><div class=\"wp-block-image\">\n<figure class=\"aligncenter size-full is-resized\"><a href=\"https:\/\/amzn.to\/4jgcbpi\"><img loading=\"lazy\" decoding=\"async\" width=\"937\" height=\"1500\" src=\"https:\/\/mundobarbacoa.net\/wp-content\/uploads\/2025\/01\/71ScEk7SYXL._AC_SL1500_.jpg\" alt=\"BBQ-Toro. Barbacoa de carb\u00f3n Kamado &quot;Haiiro&quot; \u00d8 32 cm. Barbacoa con term\u00f3metro y asas de madera. Parrilla de cer\u00e1mica Kamado.\" class=\"wp-image-521\" style=\"width:219px;height:auto\" srcset=\"https:\/\/mundobarbacoa.net\/wp-content\/uploads\/2025\/01\/71ScEk7SYXL._AC_SL1500_.jpg 937w, https:\/\/mundobarbacoa.net\/wp-content\/uploads\/2025\/01\/71ScEk7SYXL._AC_SL1500_-187x300.jpg 187w, https:\/\/mundobarbacoa.net\/wp-content\/uploads\/2025\/01\/71ScEk7SYXL._AC_SL1500_-640x1024.jpg 640w, https:\/\/mundobarbacoa.net\/wp-content\/uploads\/2025\/01\/71ScEk7SYXL._AC_SL1500_-768x1229.jpg 768w\" sizes=\"(max-width: 937px) 100vw, 937px\" \/><\/a><\/figure><\/div>\n\n\n<p class=\"has-text-align-center has-nv-dark-bg-color has-nv-c-2-background-color has-text-color has-background has-link-color wp-elements-6fae053d0f8ba9ab0e4d9bd08cec1feb\"><strong>BBQ-Toro. Barbacoa Kamado \u00abHaiiro\u00bb \u00d8 32 cm, con term\u00f3metro y asas de madera. Parrilla cer\u00e1mica<\/strong>.<\/p>\n\n\n\n<div class=\"wp-block-buttons is-content-justification-center is-layout-flex wp-container-core-buttons-layout-4 wp-block-buttons-is-layout-flex\">\n<div class=\"wp-block-button has-custom-width wp-block-button__width-100\"><a class=\"wp-block-button__link has-nv-dark-bg-color has-text-color has-background has-link-color wp-element-button\" href=\"https:\/\/amzn.to\/4jgcbpi\" style=\"background:linear-gradient(135deg,rgb(252,185,0) 100%,rgb(255,105,0) 100%)\">Ver<strong> en Amazon<\/strong><\/a><\/div>\n<\/div>\n<\/div>\n\n\n\n<div class=\"wp-block-column is-layout-flow wp-block-column-is-layout-flow\"><div class=\"wp-block-image\">\n<figure class=\"aligncenter size-full is-resized\"><a href=\"https:\/\/amzn.to\/3Wlrovp\"><img loading=\"lazy\" decoding=\"async\" width=\"1074\" height=\"1500\" src=\"https:\/\/mundobarbacoa.net\/wp-content\/uploads\/2025\/01\/71VY8DYA6RL._AC_SL1500_.jpg\" alt=\"Kamado Joe KJ13RH Joe Jr. Barbacoa de carb\u00f3n de cer\u00e1mica en rojo fuego.\" class=\"wp-image-522\" style=\"width:251px;height:auto\" srcset=\"https:\/\/mundobarbacoa.net\/wp-content\/uploads\/2025\/01\/71VY8DYA6RL._AC_SL1500_.jpg 1074w, https:\/\/mundobarbacoa.net\/wp-content\/uploads\/2025\/01\/71VY8DYA6RL._AC_SL1500_-215x300.jpg 215w, https:\/\/mundobarbacoa.net\/wp-content\/uploads\/2025\/01\/71VY8DYA6RL._AC_SL1500_-733x1024.jpg 733w, https:\/\/mundobarbacoa.net\/wp-content\/uploads\/2025\/01\/71VY8DYA6RL._AC_SL1500_-768x1073.jpg 768w\" sizes=\"(max-width: 1074px) 100vw, 1074px\" \/><\/a><\/figure><\/div>\n\n\n<p class=\"has-text-align-center has-nv-dark-bg-color has-nv-c-2-background-color has-text-color has-background has-link-color wp-elements-1b975f43c5d185f54523cfb3ae99e0b5\"><strong>Kamado Joe KJ13RH Joe Jr. Barbacoa de carb\u00f3n de cer\u00e1mica en rojo fuego<\/strong><\/p>\n\n\n\n<div class=\"wp-block-buttons is-content-justification-center is-layout-flex wp-container-core-buttons-layout-5 wp-block-buttons-is-layout-flex\">\n<div class=\"wp-block-button has-custom-width wp-block-button__width-100\"><a class=\"wp-block-button__link has-nv-dark-bg-color has-text-color has-background has-link-color wp-element-button\" href=\"https:\/\/amzn.to\/3Wlrovp\" style=\"background:linear-gradient(135deg,rgb(252,185,0) 100%,rgb(255,105,0) 100%)\">Ver<strong> en Amazon<\/strong><\/a><\/div>\n<\/div>\n<\/div>\n\n\n\n<div class=\"wp-block-column is-layout-flow wp-block-column-is-layout-flow\"><div class=\"wp-block-image\">\n<figure class=\"aligncenter size-full is-resized\"><a href=\"https:\/\/amzn.to\/40c2OOG\"><img loading=\"lazy\" decoding=\"async\" width=\"765\" height=\"994\" src=\"https:\/\/mundobarbacoa.net\/wp-content\/uploads\/2025\/01\/515RKZfZzhL._AC_SL1024_.jpg\" alt=\"VidaXL Barbacoa 2 en 1 ahumadora Kamado y cocci\u00f3n Parrilla. Ahumador BBQ port\u00e1til para jard\u00edn, patio y terraza exterior camping  de cer\u00e1mica verde medida 56 cm de di\u00e1metro.\" class=\"wp-image-523\" style=\"width:269px;height:auto\" srcset=\"https:\/\/mundobarbacoa.net\/wp-content\/uploads\/2025\/01\/515RKZfZzhL._AC_SL1024_.jpg 765w, https:\/\/mundobarbacoa.net\/wp-content\/uploads\/2025\/01\/515RKZfZzhL._AC_SL1024_-231x300.jpg 231w\" sizes=\"(max-width: 765px) 100vw, 765px\" \/><\/a><\/figure><\/div>\n\n\n<p class=\"has-text-align-center has-nv-dark-bg-color has-nv-c-2-background-color has-text-color has-background has-link-color wp-elements-c9538c7d26b37d52df5ef070e4e6d077\"><strong>Barbacoa 2 en 1 ahumadora Kamado y cocci\u00f3n Parrilla. port\u00e1til para exterior medida 56 cm de di\u00e1metro.<\/strong><\/p>\n\n\n\n<div class=\"wp-block-buttons is-content-justification-center is-layout-flex wp-container-core-buttons-layout-6 wp-block-buttons-is-layout-flex\">\n<div class=\"wp-block-button has-custom-width wp-block-button__width-100\"><a class=\"wp-block-button__link has-nv-dark-bg-color has-text-color has-background has-link-color wp-element-button\" href=\"https:\/\/amzn.to\/40c2OOG\" style=\"background:linear-gradient(135deg,rgb(252,185,0) 100%,rgb(255,105,0) 100%)\">Ver<strong> en Amazon<\/strong><\/a><\/div>\n<\/div>\n<\/div>\n<\/div>\n","protected":false},"excerpt":{"rendered":"<p>Te proporcionamos las mejores barbacoas Kamado. Bas\u00e1ndonos en opiniones de los usuarios y por ser las m\u00e1s vendidas. Barbacoa cer\u00e1mica Kamado 76 cm Ventilaci\u00f3n doble para asar, hornear y ahumar. Kamado Joe\u00ae Cl\u00e1sico Joe I Barbacoa de carb\u00f3n de cer\u00e1mica en Rojo Fuego. Char-griller E6714 AKORN Jr. Kamado. Barbacoa de carb\u00f3n port\u00e1til. BBQ-Toro. Barbacoa Kamado&hellip;&nbsp;<a href=\"https:\/\/mundobarbacoa.net\/index.php\/barbacoas-kamado\/\" rel=\"bookmark\">Leer m\u00e1s &raquo;<span class=\"screen-reader-text\">Barbacoas Kamado<\/span><\/a><\/p>\n","protected":false},"author":1,"featured_media":0,"parent":0,"menu_order":0,"comment_status":"closed","ping_status":"closed","template":"","meta":{"neve_meta_sidebar":"","neve_meta_container":"","neve_meta_enable_content_width":"","neve_meta_content_width":0,"neve_meta_title_alignment":"","neve_meta_author_avatar":"","neve_post_elements_order":"","neve_meta_disable_header":"","neve_meta_disable_footer":"","neve_meta_disable_title":"","footnotes":""},"yoast_head":"<!-- This site is optimized with the Yoast SEO plugin v21.5 - https:\/\/yoast.com\/wordpress\/plugins\/seo\/ -->\n<title>Barbacoas Kamado - Mundo Barbacoa<\/title>\n<meta name=\"description\" content=\"Te proporcionamos las mejores barbacoas Kamado. Bas\u00e1ndonos en opiniones de los usuarios y por ser las m\u00e1s vendidas.\" \/>\n<meta name=\"robots\" content=\"index, follow, max-snippet:-1, max-image-preview:large, max-video-preview:-1\" \/>\n<link rel=\"canonical\" href=\"https:\/\/mundobarbacoa.net\/index.php\/barbacoas-kamado\/\" \/>\n<meta property=\"og:locale\" content=\"es_ES\" \/>\n<meta property=\"og:type\" content=\"article\" \/>\n<meta property=\"og:title\" content=\"Barbacoas Kamado - Mundo Barbacoa\" \/>\n<meta property=\"og:description\" content=\"Te proporcionamos las mejores barbacoas Kamado. Bas\u00e1ndonos en opiniones de los usuarios y por ser las m\u00e1s vendidas.\" \/>\n<meta property=\"og:url\" content=\"https:\/\/mundobarbacoa.net\/index.php\/barbacoas-kamado\/\" \/>\n<meta property=\"og:site_name\" content=\"Mundo Barbacoa\" \/>\n<meta property=\"article:modified_time\" content=\"2025-01-15T17:19:01+00:00\" \/>\n<meta property=\"og:image\" content=\"https:\/\/mundobarbacoa.net\/wp-content\/uploads\/2025\/01\/515LI9GcyuL._AC_SL1024_.jpg\" \/>\n<meta name=\"twitter:card\" content=\"summary_large_image\" \/>\n<meta name=\"twitter:label1\" content=\"Tiempo de lectura\" \/>\n\t<meta name=\"twitter:data1\" content=\"2 minutos\" \/>\n<script type=\"application\/ld+json\" class=\"yoast-schema-graph\">{\"@context\":\"https:\/\/schema.org\",\"@graph\":[{\"@type\":\"WebPage\",\"@id\":\"https:\/\/mundobarbacoa.net\/index.php\/barbacoas-kamado\/\",\"url\":\"https:\/\/mundobarbacoa.net\/index.php\/barbacoas-kamado\/\",\"name\":\"Barbacoas Kamado - Mundo Barbacoa\",\"isPartOf\":{\"@id\":\"https:\/\/mundobarbacoa.net\/#website\"},\"datePublished\":\"2025-01-15T16:40:05+00:00\",\"dateModified\":\"2025-01-15T17:19:01+00:00\",\"description\":\"Te proporcionamos las mejores barbacoas Kamado. Bas\u00e1ndonos en opiniones de los usuarios y por ser las m\u00e1s vendidas.\",\"breadcrumb\":{\"@id\":\"https:\/\/mundobarbacoa.net\/index.php\/barbacoas-kamado\/#breadcrumb\"},\"inLanguage\":\"es\",\"potentialAction\":[{\"@type\":\"ReadAction\",\"target\":[\"https:\/\/mundobarbacoa.net\/index.php\/barbacoas-kamado\/\"]}]},{\"@type\":\"BreadcrumbList\",\"@id\":\"https:\/\/mundobarbacoa.net\/index.php\/barbacoas-kamado\/#breadcrumb\",\"itemListElement\":[{\"@type\":\"ListItem\",\"position\":1,\"name\":\"Portada\",\"item\":\"https:\/\/mundobarbacoa.net\/\"},{\"@type\":\"ListItem\",\"position\":2,\"name\":\"Barbacoas Kamado\"}]},{\"@type\":\"WebSite\",\"@id\":\"https:\/\/mundobarbacoa.net\/#website\",\"url\":\"https:\/\/mundobarbacoa.net\/\",\"name\":\"Mundo Barbacoa\",\"description\":\"Analizamos los mejores modelos de barbacoas\",\"publisher\":{\"@id\":\"https:\/\/mundobarbacoa.net\/#\/schema\/person\/9cb2ce144c9050dc9d465106c00b4b60\"},\"potentialAction\":[{\"@type\":\"SearchAction\",\"target\":{\"@type\":\"EntryPoint\",\"urlTemplate\":\"https:\/\/mundobarbacoa.net\/?s={search_term_string}\"},\"query-input\":\"required name=search_term_string\"}],\"inLanguage\":\"es\"},{\"@type\":[\"Person\",\"Organization\"],\"@id\":\"https:\/\/mundobarbacoa.net\/#\/schema\/person\/9cb2ce144c9050dc9d465106c00b4b60\",\"name\":\"kmcerofood\",\"logo\":{\"@id\":\"https:\/\/mundobarbacoa.net\/#\/schema\/person\/image\/\"},\"sameAs\":[\"https:\/\/mundobarbacoa.net\"]}]}<\/script>\n<!-- \/ Yoast SEO plugin. -->","yoast_head_json":{"title":"Barbacoas Kamado - Mundo Barbacoa","description":"Te proporcionamos las mejores barbacoas Kamado. Bas\u00e1ndonos en opiniones de los usuarios y por ser las m\u00e1s vendidas.","robots":{"index":"index","follow":"follow","max-snippet":"max-snippet:-1","max-image-preview":"max-image-preview:large","max-video-preview":"max-video-preview:-1"},"canonical":"https:\/\/mundobarbacoa.net\/index.php\/barbacoas-kamado\/","og_locale":"es_ES","og_type":"article","og_title":"Barbacoas Kamado - Mundo Barbacoa","og_description":"Te proporcionamos las mejores barbacoas Kamado. Bas\u00e1ndonos en opiniones de los usuarios y por ser las m\u00e1s vendidas.","og_url":"https:\/\/mundobarbacoa.net\/index.php\/barbacoas-kamado\/","og_site_name":"Mundo Barbacoa","article_modified_time":"2025-01-15T17:19:01+00:00","og_image":[{"url":"https:\/\/mundobarbacoa.net\/wp-content\/uploads\/2025\/01\/515LI9GcyuL._AC_SL1024_.jpg"}],"twitter_card":"summary_large_image","twitter_misc":{"Tiempo de lectura":"2 minutos"},"schema":{"@context":"https:\/\/schema.org","@graph":[{"@type":"WebPage","@id":"https:\/\/mundobarbacoa.net\/index.php\/barbacoas-kamado\/","url":"https:\/\/mundobarbacoa.net\/index.php\/barbacoas-kamado\/","name":"Barbacoas Kamado - Mundo Barbacoa","isPartOf":{"@id":"https:\/\/mundobarbacoa.net\/#website"},"datePublished":"2025-01-15T16:40:05+00:00","dateModified":"2025-01-15T17:19:01+00:00","description":"Te proporcionamos las mejores barbacoas Kamado. Bas\u00e1ndonos en opiniones de los usuarios y por ser las m\u00e1s vendidas.","breadcrumb":{"@id":"https:\/\/mundobarbacoa.net\/index.php\/barbacoas-kamado\/#breadcrumb"},"inLanguage":"es","potentialAction":[{"@type":"ReadAction","target":["https:\/\/mundobarbacoa.net\/index.php\/barbacoas-kamado\/"]}]},{"@type":"BreadcrumbList","@id":"https:\/\/mundobarbacoa.net\/index.php\/barbacoas-kamado\/#breadcrumb","itemListElement":[{"@type":"ListItem","position":1,"name":"Portada","item":"https:\/\/mundobarbacoa.net\/"},{"@type":"ListItem","position":2,"name":"Barbacoas Kamado"}]},{"@type":"WebSite","@id":"https:\/\/mundobarbacoa.net\/#website","url":"https:\/\/mundobarbacoa.net\/","name":"Mundo Barbacoa","description":"Analizamos los mejores modelos de barbacoas","publisher":{"@id":"https:\/\/mundobarbacoa.net\/#\/schema\/person\/9cb2ce144c9050dc9d465106c00b4b60"},"potentialAction":[{"@type":"SearchAction","target":{"@type":"EntryPoint","urlTemplate":"https:\/\/mundobarbacoa.net\/?s={search_term_string}"},"query-input":"required name=search_term_string"}],"inLanguage":"es"},{"@type":["Person","Organization"],"@id":"https:\/\/mundobarbacoa.net\/#\/schema\/person\/9cb2ce144c9050dc9d465106c00b4b60","name":"kmcerofood","logo":{"@id":"https:\/\/mundobarbacoa.net\/#\/schema\/person\/image\/"},"sameAs":["https:\/\/mundobarbacoa.net"]}]}},"_links":{"self":[{"href":"https:\/\/mundobarbacoa.net\/index.php\/wp-json\/wp\/v2\/pages\/509"}],"collection":[{"href":"https:\/\/mundobarbacoa.net\/index.php\/wp-json\/wp\/v2\/pages"}],"about":[{"href":"https:\/\/mundobarbacoa.net\/index.php\/wp-json\/wp\/v2\/types\/page"}],"author":[{"embeddable":true,"href":"https:\/\/mundobarbacoa.net\/index.php\/wp-json\/wp\/v2\/users\/1"}],"replies":[{"embeddable":true,"href":"https:\/\/mundobarbacoa.net\/index.php\/wp-json\/wp\/v2\/comments?post=509"}],"version-history":[{"count":4,"href":"https:\/\/mundobarbacoa.net\/index.php\/wp-json\/wp\/v2\/pages\/509\/revisions"}],"predecessor-version":[{"id":524,"href":"https:\/\/mundobarbacoa.net\/index.php\/wp-json\/wp\/v2\/pages\/509\/revisions\/524"}],"wp:attachment":[{"href":"https:\/\/mundobarbacoa.net\/index.php\/wp-json\/wp\/v2\/media?parent=509"}],"curies":[{"name":"wp","href":"https:\/\/api.w.org\/{rel}","templated":true}]}}