{"id":493,"date":"2025-01-15T16:22:28","date_gmt":"2025-01-15T15:22:28","guid":{"rendered":"https:\/\/mundobarbacoa.net\/?page_id=493"},"modified":"2025-01-15T16:40:50","modified_gmt":"2025-01-15T15:40:50","slug":"barbacoas-electricas","status":"publish","type":"page","link":"https:\/\/mundobarbacoa.net\/index.php\/barbacoas-electricas\/","title":{"rendered":"Barbacoas el\u00e9ctricas"},"content":{"rendered":"\n<p class=\"has-nv-dark-bg-color has-nv-c-2-background-color has-text-color has-background has-link-color has-medium-font-size wp-elements-123310bf0020532b6d0ceacee499de59\"><strong>Te proporcionamos las mejores barbacoas el\u00e9ctricas. Bas\u00e1ndonos en opiniones de los usuarios y por ser las m\u00e1s vendidas. <\/strong><\/p>\n\n\n\n<div class=\"wp-block-columns has-nv-site-bg-background-color has-background is-layout-flex wp-container-core-columns-layout-1 wp-block-columns-is-layout-flex\">\n<div class=\"wp-block-column is-layout-flow wp-block-column-is-layout-flow\"><div class=\"wp-block-image\">\n<figure class=\"aligncenter size-full is-resized\"><a href=\"https:\/\/amzn.to\/42fb0QN\"><img loading=\"lazy\" decoding=\"async\" width=\"1500\" height=\"1031\" src=\"https:\/\/mundobarbacoa.net\/wp-content\/uploads\/2025\/01\/81xC8aSjqaL._AC_SL1500_.jpg\" alt=\"Jata BQ101. Barbacoa el\u00e9ctrica. Parrilla con 2 alturas para cocinar sano en el interior  2400 W.\" class=\"wp-image-495\" style=\"width:268px;height:auto\" srcset=\"https:\/\/mundobarbacoa.net\/wp-content\/uploads\/2025\/01\/81xC8aSjqaL._AC_SL1500_.jpg 1500w, https:\/\/mundobarbacoa.net\/wp-content\/uploads\/2025\/01\/81xC8aSjqaL._AC_SL1500_-300x206.jpg 300w, https:\/\/mundobarbacoa.net\/wp-content\/uploads\/2025\/01\/81xC8aSjqaL._AC_SL1500_-1024x704.jpg 1024w, https:\/\/mundobarbacoa.net\/wp-content\/uploads\/2025\/01\/81xC8aSjqaL._AC_SL1500_-768x528.jpg 768w\" sizes=\"(max-width: 1500px) 100vw, 1500px\" \/><\/a><\/figure><\/div>\n\n\n<p class=\"has-text-align-center has-nv-dark-bg-color has-nv-c-2-background-color has-text-color has-background has-link-color wp-elements-5c6e66ec535c7640549cedbe31f0ca1e\"><strong>Jata BQ101. Barbacoa el\u00e9ctrica. Parrilla con 2 alturasr 2400 W.<\/strong><\/p>\n\n\n\n<div class=\"wp-block-buttons is-content-justification-center is-layout-flex wp-container-core-buttons-layout-1 wp-block-buttons-is-layout-flex\">\n<div class=\"wp-block-button has-custom-width wp-block-button__width-100\"><a class=\"wp-block-button__link has-nv-dark-bg-color has-text-color has-background has-link-color wp-element-button\" href=\"https:\/\/amzn.to\/42fb0QN\" style=\"background:linear-gradient(135deg,rgb(252,185,0) 100%,rgb(255,105,0) 100%)\">Ver<strong> en Amazon<\/strong><\/a><\/div>\n<\/div>\n<\/div>\n\n\n\n<div class=\"wp-block-column is-layout-flow wp-block-column-is-layout-flow\"><div class=\"wp-block-image\">\n<figure class=\"aligncenter size-full is-resized\"><a href=\"https:\/\/amzn.to\/4jiFp6N\"><img loading=\"lazy\" decoding=\"async\" width=\"1147\" height=\"610\" src=\"https:\/\/mundobarbacoa.net\/wp-content\/uploads\/2025\/01\/612E3kkzw4L._AC_SL1500_.jpg\" alt=\"Severin. Barbacoa de mesa con parrilla de acero inoxidable para interior y exterior. Parrilla el\u00e9ctrica con arranque r\u00e1pido, mini barbacoa sin riesgo de quemaduras.\" class=\"wp-image-496\" style=\"width:344px;height:auto\" srcset=\"https:\/\/mundobarbacoa.net\/wp-content\/uploads\/2025\/01\/612E3kkzw4L._AC_SL1500_.jpg 1147w, https:\/\/mundobarbacoa.net\/wp-content\/uploads\/2025\/01\/612E3kkzw4L._AC_SL1500_-300x160.jpg 300w, https:\/\/mundobarbacoa.net\/wp-content\/uploads\/2025\/01\/612E3kkzw4L._AC_SL1500_-1024x545.jpg 1024w, https:\/\/mundobarbacoa.net\/wp-content\/uploads\/2025\/01\/612E3kkzw4L._AC_SL1500_-768x408.jpg 768w\" sizes=\"(max-width: 1147px) 100vw, 1147px\" \/><\/a><\/figure><\/div>\n\n\n<p class=\"has-text-align-center has-nv-dark-bg-color has-nv-c-2-background-color has-text-color has-background has-link-color wp-elements-0614c64430e4065094b4a68afcecf3a2\"><strong>Severin. Barbacoa  el\u00e9ctrica de mesa con parrilla de <\/strong><\/p>\n\n\n\n<div class=\"wp-block-buttons is-content-justification-center is-layout-flex wp-container-core-buttons-layout-2 wp-block-buttons-is-layout-flex\">\n<div class=\"wp-block-button has-custom-width wp-block-button__width-100\"><a class=\"wp-block-button__link has-nv-dark-bg-color has-text-color has-background has-link-color wp-element-button\" href=\"https:\/\/amzn.to\/4jiFp6N\" style=\"background:linear-gradient(135deg,rgb(252,185,0) 100%,rgb(255,105,0) 100%)\">Ver<strong> en Amazon<\/strong><\/a><\/div>\n<\/div>\n<\/div>\n\n\n\n<div class=\"wp-block-column is-layout-flow wp-block-column-is-layout-flow\"><div class=\"wp-block-image\">\n<figure class=\"aligncenter size-full is-resized\"><a href=\"https:\/\/amzn.to\/42aB0Nl\"><img loading=\"lazy\" decoding=\"async\" width=\"795\" height=\"750\" src=\"https:\/\/mundobarbacoa.net\/wp-content\/uploads\/2025\/01\/61hhGpKdKCL._AC_SL1000_.jpg\" alt=\"Cecotec barbacoa el\u00e9ctrica PerfectSteak 4250 Stand con 2400 W,. Parrilla de acero Inoxidable. Soportes con Gran superficie, 3 niveles de altura y panel cortavientos.\" class=\"wp-image-497\" style=\"width:194px;height:auto\" srcset=\"https:\/\/mundobarbacoa.net\/wp-content\/uploads\/2025\/01\/61hhGpKdKCL._AC_SL1000_.jpg 795w, https:\/\/mundobarbacoa.net\/wp-content\/uploads\/2025\/01\/61hhGpKdKCL._AC_SL1000_-300x283.jpg 300w, https:\/\/mundobarbacoa.net\/wp-content\/uploads\/2025\/01\/61hhGpKdKCL._AC_SL1000_-768x725.jpg 768w\" sizes=\"(max-width: 795px) 100vw, 795px\" \/><\/a><\/figure><\/div>\n\n\n<p class=\"has-text-align-center has-nv-dark-bg-color has-nv-c-2-background-color has-text-color has-background has-link-color wp-elements-5f38a14aa37dd26130e425da4c66d875\"><strong>Cecotec barbacoa el\u00e9ctrica PerfectSteak  3 niveles altura <\/strong><\/p>\n\n\n\n<div class=\"wp-block-buttons is-content-justification-center is-layout-flex wp-container-core-buttons-layout-3 wp-block-buttons-is-layout-flex\">\n<div class=\"wp-block-button has-custom-width wp-block-button__width-100\"><a class=\"wp-block-button__link has-nv-dark-bg-color has-text-color has-background has-link-color wp-element-button\" href=\"https:\/\/amzn.to\/42aB0Nl\" style=\"background:linear-gradient(135deg,rgb(252,185,0) 100%,rgb(255,105,0) 100%)\">Ver<strong> en Amazon<\/strong><\/a><\/div>\n<\/div>\n<\/div>\n<\/div>\n\n\n\n<div class=\"wp-block-columns has-nv-site-bg-background-color has-background is-layout-flex wp-container-core-columns-layout-2 wp-block-columns-is-layout-flex\">\n<div class=\"wp-block-column is-layout-flow wp-block-column-is-layout-flow\">\n<figure class=\"wp-block-image size-full is-resized\"><a href=\"https:\/\/amzn.to\/40zqVs0\"><img loading=\"lazy\" decoding=\"async\" width=\"1500\" height=\"810\" src=\"https:\/\/mundobarbacoa.net\/wp-content\/uploads\/2025\/01\/81Oddf46zRL._AC_SL1500_.jpg\" alt=\"Jata Gr195. Plancha de asar y cocina en toda la superficie. Medidas 46 X 25 cm, antiadherente libre de Pfoa. Muy resistente al rayado f\u00e1cil. Limpieza con bandeja colectora de salsas, 2200 W. Color negro.\" class=\"wp-image-502\" style=\"width:344px;height:auto\" srcset=\"https:\/\/mundobarbacoa.net\/wp-content\/uploads\/2025\/01\/81Oddf46zRL._AC_SL1500_.jpg 1500w, https:\/\/mundobarbacoa.net\/wp-content\/uploads\/2025\/01\/81Oddf46zRL._AC_SL1500_-300x162.jpg 300w, https:\/\/mundobarbacoa.net\/wp-content\/uploads\/2025\/01\/81Oddf46zRL._AC_SL1500_-1024x553.jpg 1024w, https:\/\/mundobarbacoa.net\/wp-content\/uploads\/2025\/01\/81Oddf46zRL._AC_SL1500_-768x415.jpg 768w\" sizes=\"(max-width: 1500px) 100vw, 1500px\" \/><\/a><\/figure>\n\n\n\n<p class=\"has-text-align-center has-nv-dark-bg-color has-nv-c-2-background-color has-text-color has-background has-link-color wp-elements-0f740ad4f0251321b2c2feb60bf71580\"><strong>Jata Gr195. Plancha el\u00e9ctrica de asar y cocina. Medidas 46 X 25 cm<\/strong>.<\/p>\n\n\n\n<div class=\"wp-block-buttons is-content-justification-center is-layout-flex wp-container-core-buttons-layout-4 wp-block-buttons-is-layout-flex\">\n<div class=\"wp-block-button has-custom-width wp-block-button__width-100\"><a class=\"wp-block-button__link has-nv-dark-bg-color has-text-color has-background has-link-color wp-element-button\" href=\"https:\/\/amzn.to\/40zqVs0\" style=\"background:linear-gradient(135deg,rgb(252,185,0) 100%,rgb(255,105,0) 100%)\">Ver<strong> en Amazon<\/strong><\/a><\/div>\n<\/div>\n<\/div>\n\n\n\n<div class=\"wp-block-column is-layout-flow wp-block-column-is-layout-flow\"><div class=\"wp-block-image\">\n<figure class=\"aligncenter size-full is-resized\"><a href=\"https:\/\/amzn.to\/40vM6v4\"><img loading=\"lazy\" decoding=\"async\" width=\"978\" height=\"609\" src=\"https:\/\/mundobarbacoa.net\/wp-content\/uploads\/2025\/01\/51tIoQuYAOL._AC_SL1000_.jpg\" alt=\"Cecotec. Plancha de asar el\u00e9ctrica Tasty\/Grill 2000. Acabados en acero inoxidable. Termostato regulable. Revestimiento RockStone y apta para lavavajillas. Potencia 2000 W.\" class=\"wp-image-503\" style=\"width:300px;height:auto\" srcset=\"https:\/\/mundobarbacoa.net\/wp-content\/uploads\/2025\/01\/51tIoQuYAOL._AC_SL1000_.jpg 978w, https:\/\/mundobarbacoa.net\/wp-content\/uploads\/2025\/01\/51tIoQuYAOL._AC_SL1000_-300x187.jpg 300w, https:\/\/mundobarbacoa.net\/wp-content\/uploads\/2025\/01\/51tIoQuYAOL._AC_SL1000_-768x478.jpg 768w\" sizes=\"(max-width: 978px) 100vw, 978px\" \/><\/a><\/figure><\/div>\n\n\n<p class=\"has-text-align-center has-nv-dark-bg-color has-nv-c-2-background-color has-text-color has-background has-link-color wp-elements-ed48427de4546f0420a3fa8e4b3b804d\"><strong>Cecotec. Plancha de asar el\u00e9ctrica Tasty\/Grill 2000. Potencia 2000 W<\/strong><\/p>\n\n\n\n<div class=\"wp-block-buttons is-content-justification-center is-layout-flex wp-container-core-buttons-layout-5 wp-block-buttons-is-layout-flex\">\n<div class=\"wp-block-button has-custom-width wp-block-button__width-100\"><a class=\"wp-block-button__link has-nv-dark-bg-color has-text-color has-background has-link-color wp-element-button\" href=\"https:\/\/amzn.to\/40vM6v4\" style=\"background:linear-gradient(135deg,rgb(252,185,0) 100%,rgb(255,105,0) 100%)\">Ver<strong> en Amazon<\/strong><\/a><\/div>\n<\/div>\n<\/div>\n\n\n\n<div class=\"wp-block-column is-layout-flow wp-block-column-is-layout-flow\"><div class=\"wp-block-image\">\n<figure class=\"aligncenter size-large is-resized\"><a href=\"https:\/\/amzn.to\/4hdKdZs\"><img loading=\"lazy\" decoding=\"async\" width=\"1024\" height=\"549\" src=\"https:\/\/mundobarbacoa.net\/wp-content\/uploads\/2025\/01\/814ELX8pOML._AC_SL1500_-1024x549.jpg\" alt=\"SEVERIN Raclette con piedra natural y placa de parrilla, grill con parrilla antiadherente y 8 sartenes. Parrilla el\u00e9ctrica para 8 personas, m\u00e1x. Potencia 1400 W.\" class=\"wp-image-504\" style=\"width:347px;height:auto\" srcset=\"https:\/\/mundobarbacoa.net\/wp-content\/uploads\/2025\/01\/814ELX8pOML._AC_SL1500_-1024x549.jpg 1024w, https:\/\/mundobarbacoa.net\/wp-content\/uploads\/2025\/01\/814ELX8pOML._AC_SL1500_-300x161.jpg 300w, https:\/\/mundobarbacoa.net\/wp-content\/uploads\/2025\/01\/814ELX8pOML._AC_SL1500_-768x412.jpg 768w, https:\/\/mundobarbacoa.net\/wp-content\/uploads\/2025\/01\/814ELX8pOML._AC_SL1500_.jpg 1489w\" sizes=\"(max-width: 1024px) 100vw, 1024px\" \/><\/a><\/figure><\/div>\n\n\n<p class=\"has-text-align-center has-nv-dark-bg-color has-nv-c-2-background-color has-text-color has-background has-link-color wp-elements-597e45c77e045766c15957bfec441a6a\"><strong>SEVERIN Raclette con piedra. Parrilla el\u00e9ctrica para 8 personas<\/strong><\/p>\n\n\n\n<div class=\"wp-block-buttons is-content-justification-center is-layout-flex wp-container-core-buttons-layout-6 wp-block-buttons-is-layout-flex\">\n<div class=\"wp-block-button has-custom-width wp-block-button__width-100\"><a class=\"wp-block-button__link has-nv-dark-bg-color has-text-color has-background has-link-color wp-element-button\" href=\"https:\/\/amzn.to\/4hdKdZs\" style=\"background:linear-gradient(135deg,rgb(252,185,0) 100%,rgb(255,105,0) 100%)\">Ver<strong> en Amazon<\/strong><\/a><\/div>\n<\/div>\n<\/div>\n<\/div>\n","protected":false},"excerpt":{"rendered":"<p>Te proporcionamos las mejores barbacoas el\u00e9ctricas. Bas\u00e1ndonos en opiniones de los usuarios y por ser las m\u00e1s vendidas. Jata BQ101. Barbacoa el\u00e9ctrica. Parrilla con 2 alturasr 2400 W. Severin. Barbacoa el\u00e9ctrica de mesa con parrilla de Cecotec barbacoa el\u00e9ctrica PerfectSteak 3 niveles altura Jata Gr195. Plancha el\u00e9ctrica de asar y cocina. Medidas 46 X 25&hellip;&nbsp;<a href=\"https:\/\/mundobarbacoa.net\/index.php\/barbacoas-electricas\/\" rel=\"bookmark\">Leer m\u00e1s &raquo;<span class=\"screen-reader-text\">Barbacoas el\u00e9ctricas<\/span><\/a><\/p>\n","protected":false},"author":1,"featured_media":0,"parent":0,"menu_order":0,"comment_status":"closed","ping_status":"closed","template":"","meta":{"neve_meta_sidebar":"","neve_meta_container":"","neve_meta_enable_content_width":"","neve_meta_content_width":0,"neve_meta_title_alignment":"","neve_meta_author_avatar":"","neve_post_elements_order":"","neve_meta_disable_header":"","neve_meta_disable_footer":"","neve_meta_disable_title":"","footnotes":""},"yoast_head":"<!-- This site is optimized with the Yoast SEO plugin v21.5 - https:\/\/yoast.com\/wordpress\/plugins\/seo\/ -->\n<title>Barbacoas el\u00e9ctricas - Mundo Barbacoa<\/title>\n<meta name=\"description\" content=\"Te proporcionamos las mejores barbacoas el\u00e9ctricas. Bas\u00e1ndonos en opiniones de los usuarios y por ser las m\u00e1s vendidas.\" \/>\n<meta name=\"robots\" content=\"index, follow, max-snippet:-1, max-image-preview:large, max-video-preview:-1\" \/>\n<link rel=\"canonical\" href=\"https:\/\/mundobarbacoa.net\/index.php\/barbacoas-electricas\/\" \/>\n<meta property=\"og:locale\" content=\"es_ES\" \/>\n<meta property=\"og:type\" content=\"article\" \/>\n<meta property=\"og:title\" content=\"Barbacoas el\u00e9ctricas - Mundo Barbacoa\" \/>\n<meta property=\"og:description\" content=\"Te proporcionamos las mejores barbacoas el\u00e9ctricas. Bas\u00e1ndonos en opiniones de los usuarios y por ser las m\u00e1s vendidas.\" \/>\n<meta property=\"og:url\" content=\"https:\/\/mundobarbacoa.net\/index.php\/barbacoas-electricas\/\" \/>\n<meta property=\"og:site_name\" content=\"Mundo Barbacoa\" \/>\n<meta property=\"article:modified_time\" content=\"2025-01-15T15:40:50+00:00\" \/>\n<meta property=\"og:image\" content=\"https:\/\/mundobarbacoa.net\/wp-content\/uploads\/2025\/01\/81xC8aSjqaL._AC_SL1500_.jpg\" \/>\n<meta name=\"twitter:card\" content=\"summary_large_image\" \/>\n<meta name=\"twitter:label1\" content=\"Tiempo de lectura\" \/>\n\t<meta name=\"twitter:data1\" content=\"2 minutos\" \/>\n<script type=\"application\/ld+json\" class=\"yoast-schema-graph\">{\"@context\":\"https:\/\/schema.org\",\"@graph\":[{\"@type\":\"WebPage\",\"@id\":\"https:\/\/mundobarbacoa.net\/index.php\/barbacoas-electricas\/\",\"url\":\"https:\/\/mundobarbacoa.net\/index.php\/barbacoas-electricas\/\",\"name\":\"Barbacoas el\u00e9ctricas - Mundo Barbacoa\",\"isPartOf\":{\"@id\":\"https:\/\/mundobarbacoa.net\/#website\"},\"datePublished\":\"2025-01-15T15:22:28+00:00\",\"dateModified\":\"2025-01-15T15:40:50+00:00\",\"description\":\"Te proporcionamos las mejores barbacoas el\u00e9ctricas. Bas\u00e1ndonos en opiniones de los usuarios y por ser las m\u00e1s vendidas.\",\"breadcrumb\":{\"@id\":\"https:\/\/mundobarbacoa.net\/index.php\/barbacoas-electricas\/#breadcrumb\"},\"inLanguage\":\"es\",\"potentialAction\":[{\"@type\":\"ReadAction\",\"target\":[\"https:\/\/mundobarbacoa.net\/index.php\/barbacoas-electricas\/\"]}]},{\"@type\":\"BreadcrumbList\",\"@id\":\"https:\/\/mundobarbacoa.net\/index.php\/barbacoas-electricas\/#breadcrumb\",\"itemListElement\":[{\"@type\":\"ListItem\",\"position\":1,\"name\":\"Portada\",\"item\":\"https:\/\/mundobarbacoa.net\/\"},{\"@type\":\"ListItem\",\"position\":2,\"name\":\"Barbacoas el\u00e9ctricas\"}]},{\"@type\":\"WebSite\",\"@id\":\"https:\/\/mundobarbacoa.net\/#website\",\"url\":\"https:\/\/mundobarbacoa.net\/\",\"name\":\"Mundo Barbacoa\",\"description\":\"Analizamos los mejores modelos de barbacoas\",\"publisher\":{\"@id\":\"https:\/\/mundobarbacoa.net\/#\/schema\/person\/9cb2ce144c9050dc9d465106c00b4b60\"},\"potentialAction\":[{\"@type\":\"SearchAction\",\"target\":{\"@type\":\"EntryPoint\",\"urlTemplate\":\"https:\/\/mundobarbacoa.net\/?s={search_term_string}\"},\"query-input\":\"required name=search_term_string\"}],\"inLanguage\":\"es\"},{\"@type\":[\"Person\",\"Organization\"],\"@id\":\"https:\/\/mundobarbacoa.net\/#\/schema\/person\/9cb2ce144c9050dc9d465106c00b4b60\",\"name\":\"kmcerofood\",\"logo\":{\"@id\":\"https:\/\/mundobarbacoa.net\/#\/schema\/person\/image\/\"},\"sameAs\":[\"https:\/\/mundobarbacoa.net\"]}]}<\/script>\n<!-- \/ Yoast SEO plugin. -->","yoast_head_json":{"title":"Barbacoas el\u00e9ctricas - Mundo Barbacoa","description":"Te proporcionamos las mejores barbacoas el\u00e9ctricas. Bas\u00e1ndonos en opiniones de los usuarios y por ser las m\u00e1s vendidas.","robots":{"index":"index","follow":"follow","max-snippet":"max-snippet:-1","max-image-preview":"max-image-preview:large","max-video-preview":"max-video-preview:-1"},"canonical":"https:\/\/mundobarbacoa.net\/index.php\/barbacoas-electricas\/","og_locale":"es_ES","og_type":"article","og_title":"Barbacoas el\u00e9ctricas - Mundo Barbacoa","og_description":"Te proporcionamos las mejores barbacoas el\u00e9ctricas. Bas\u00e1ndonos en opiniones de los usuarios y por ser las m\u00e1s vendidas.","og_url":"https:\/\/mundobarbacoa.net\/index.php\/barbacoas-electricas\/","og_site_name":"Mundo Barbacoa","article_modified_time":"2025-01-15T15:40:50+00:00","og_image":[{"url":"https:\/\/mundobarbacoa.net\/wp-content\/uploads\/2025\/01\/81xC8aSjqaL._AC_SL1500_.jpg"}],"twitter_card":"summary_large_image","twitter_misc":{"Tiempo de lectura":"2 minutos"},"schema":{"@context":"https:\/\/schema.org","@graph":[{"@type":"WebPage","@id":"https:\/\/mundobarbacoa.net\/index.php\/barbacoas-electricas\/","url":"https:\/\/mundobarbacoa.net\/index.php\/barbacoas-electricas\/","name":"Barbacoas el\u00e9ctricas - Mundo Barbacoa","isPartOf":{"@id":"https:\/\/mundobarbacoa.net\/#website"},"datePublished":"2025-01-15T15:22:28+00:00","dateModified":"2025-01-15T15:40:50+00:00","description":"Te proporcionamos las mejores barbacoas el\u00e9ctricas. Bas\u00e1ndonos en opiniones de los usuarios y por ser las m\u00e1s vendidas.","breadcrumb":{"@id":"https:\/\/mundobarbacoa.net\/index.php\/barbacoas-electricas\/#breadcrumb"},"inLanguage":"es","potentialAction":[{"@type":"ReadAction","target":["https:\/\/mundobarbacoa.net\/index.php\/barbacoas-electricas\/"]}]},{"@type":"BreadcrumbList","@id":"https:\/\/mundobarbacoa.net\/index.php\/barbacoas-electricas\/#breadcrumb","itemListElement":[{"@type":"ListItem","position":1,"name":"Portada","item":"https:\/\/mundobarbacoa.net\/"},{"@type":"ListItem","position":2,"name":"Barbacoas el\u00e9ctricas"}]},{"@type":"WebSite","@id":"https:\/\/mundobarbacoa.net\/#website","url":"https:\/\/mundobarbacoa.net\/","name":"Mundo Barbacoa","description":"Analizamos los mejores modelos de barbacoas","publisher":{"@id":"https:\/\/mundobarbacoa.net\/#\/schema\/person\/9cb2ce144c9050dc9d465106c00b4b60"},"potentialAction":[{"@type":"SearchAction","target":{"@type":"EntryPoint","urlTemplate":"https:\/\/mundobarbacoa.net\/?s={search_term_string}"},"query-input":"required name=search_term_string"}],"inLanguage":"es"},{"@type":["Person","Organization"],"@id":"https:\/\/mundobarbacoa.net\/#\/schema\/person\/9cb2ce144c9050dc9d465106c00b4b60","name":"kmcerofood","logo":{"@id":"https:\/\/mundobarbacoa.net\/#\/schema\/person\/image\/"},"sameAs":["https:\/\/mundobarbacoa.net"]}]}},"_links":{"self":[{"href":"https:\/\/mundobarbacoa.net\/index.php\/wp-json\/wp\/v2\/pages\/493"}],"collection":[{"href":"https:\/\/mundobarbacoa.net\/index.php\/wp-json\/wp\/v2\/pages"}],"about":[{"href":"https:\/\/mundobarbacoa.net\/index.php\/wp-json\/wp\/v2\/types\/page"}],"author":[{"embeddable":true,"href":"https:\/\/mundobarbacoa.net\/index.php\/wp-json\/wp\/v2\/users\/1"}],"replies":[{"embeddable":true,"href":"https:\/\/mundobarbacoa.net\/index.php\/wp-json\/wp\/v2\/comments?post=493"}],"version-history":[{"count":5,"href":"https:\/\/mundobarbacoa.net\/index.php\/wp-json\/wp\/v2\/pages\/493\/revisions"}],"predecessor-version":[{"id":506,"href":"https:\/\/mundobarbacoa.net\/index.php\/wp-json\/wp\/v2\/pages\/493\/revisions\/506"}],"wp:attachment":[{"href":"https:\/\/mundobarbacoa.net\/index.php\/wp-json\/wp\/v2\/media?parent=493"}],"curies":[{"name":"wp","href":"https:\/\/api.w.org\/{rel}","templated":true}]}}