{"id":329,"date":"2024-11-20T11:08:43","date_gmt":"2024-11-20T10:08:43","guid":{"rendered":"https:\/\/mundobarbacoa.net\/?page_id=329"},"modified":"2024-11-20T11:08:43","modified_gmt":"2024-11-20T10:08:43","slug":"aviso-legal","status":"publish","type":"page","link":"https:\/\/mundobarbacoa.net\/index.php\/aviso-legal\/","title":{"rendered":"Aviso legal"},"content":{"rendered":"\n<p class=\"has-nv-dark-bg-color has-text-color has-link-color wp-elements-9a2b2d1dd5744ee08252f2539105962f\">En cumplimiento del art\u00edculo 10 de la Ley 34\/2002, de 11 de julio, de Servicios de la Sociedad de la Informaci\u00f3n y Comercio Electr\u00f3nico, el Titular expone sus datos identificativos:<\/p>\n\n\n\n<ul class=\"has-nv-dark-bg-color has-text-color has-link-color wp-elements-d005b02638f39a85d075a24d94886714\">\n<li>Titular: Sergio Montero L\u00f3pez<\/li>\n\n\n\n<li>Mail de contacto: (info@sergiomonterolopez.com)<\/li>\n\n\n\n<li>web: https:\/\/sergiomonterolopez.com<\/li>\n<\/ul>\n\n\n\n<p class=\"has-nv-dark-bg-color has-text-color has-link-color wp-elements-aad9e6740f7373ccf5e4f7c151f2b787\"><strong>Finalidad:<\/strong>&nbsp;La finalidad de esta web es informativa.<\/p>\n\n\n\n<p class=\"has-nv-dark-bg-color has-text-color has-link-color wp-elements-671ebebc6ee4135a6a3cbf0b042bb2ba\"><strong>Contenido:<\/strong>&nbsp;Proporcionamos informaci\u00f3n de productos ecol\u00f3gicos de peque\u00f1os productores en territorio espa\u00f1ol.<\/p>\n\n\n\n<p class=\"has-nv-dark-bg-color has-text-color has-link-color wp-elements-5c3901a2d486955cbbd621c01f9d8768\"><strong>Modificaciones:<\/strong>&nbsp;El titular y responsable de la web se reserva el derecho a modificar las presentes condiciones de uso. Por ello, el usuario que visite la p\u00e1gina web debe leerlas y \u00e9stas ser\u00e1n aceptadas de forma t\u00e1cita s\u00f3lo por el hecho de navegar en este website. En caso de no aceptaci\u00f3n, debe salir de este sitio web.<\/p>\n\n\n\n<p class=\"has-nv-dark-bg-color has-text-color has-link-color wp-elements-f542815e540d559e0f43e086d29f7895\">En caso de realizar alg\u00fan tratamiento que requiera consentimiento expreso, como el proceso de compra o el alta de usuario, este deber\u00e1 aceptar expl\u00edcitamente las condiciones del tratamiento espec\u00edfico antes de realizar la acci\u00f3n deseada. En todo caso, en caso de dudas o problemas en sus peticiones o si necesita ampliar informaci\u00f3n respecto de los tratamientos, se puede poner en contacto con el responsable por cualquiera de los medios indicados, por ejemplo, v\u00eda mail info@productosecologicos.info<\/p>\n\n\n\n<p class=\"has-nv-dark-bg-color has-text-color has-link-color wp-elements-bae1c142aa9b65247cfa08c5330a2663\"><strong>Responsabilidades:<\/strong>&nbsp;El tutular no se responsabiliza de la calidad de navegaci\u00f3n ni de la velocidad de acceso. Todo usuario que acceda a esta p\u00e1gina se compromete a hacerlo conforme a la ley, principios \u00e9ticos y de responsabilidad, y el orden p\u00fablico, en cuanto al acceso y la navegaci\u00f3n.<\/p>\n\n\n\n<p class=\"has-nv-dark-bg-color has-text-color has-link-color wp-elements-ae883801b0a934d7a63fffdfb27931e4\"><strong>Prohibiciones:<\/strong>&nbsp;Se proh\u00edbe la introducci\u00f3n de malware que puedan perjudicar a la p\u00e1gina en s\u00ed o a terceros. La navegaci\u00f3n realizada por el usuario, estar\u00e1 bajo la responsabilidad del propio usuario. Del mismo modo, se proh\u00edbe el env\u00edo y transmisi\u00f3n de cualquier tipo de material amenazador, difamatorio, obsceno, pornogr\u00e1fico o en cualquier modo ofensivo y\/o que constituya o fomente conductas que puedan ser contrarias a las leyes vigentes en cualquiera de sus \u00e1mbitos, nacional o europeo.<\/p>\n\n\n\n<p class=\"has-nv-dark-bg-color has-text-color has-link-color wp-elements-46bf00316961b4d600d74f60f5716e61\"><strong>Procedimiento de acceso a las diferentes zonas de la web:<\/strong>&nbsp;Para acceder a los apartados informativos que componen el website no es necesario registrarse como usuario por lo que es de acceso libre. El usuario no ha de introducir datos personales.<\/p>\n\n\n\n<p class=\"has-nv-dark-bg-color has-text-color has-link-color wp-elements-867edb3355ae81a2e9bf98194a4d6092\"><strong>Propiedad intelectual e industrial:<\/strong>&nbsp;Los contenidos de la presente web, as\u00ed como todos los documentos, nombres comerciales, marcas o logotipos insertados en la misma, est\u00e1n sujetos a los derechos de propiedad intelectual e industrial de su titular, amparados por la legislaci\u00f3n vigente en Protecci\u00f3n de la Propiedad Intelectual e Industrial (Real Decreto-ley 2\/2019, RD 1\/1996 y Directiva 2019\/790\/UE). El acceso a la p\u00e1gina web no implica en ning\u00fan caso la renuncia, transmisi\u00f3n, cesi\u00f3n o licencia total o parcial de dichos derechos, ni otorga ning\u00fan derecho de utilizaci\u00f3n, alteraci\u00f3n, explotaci\u00f3n, reproducci\u00f3n, distribuci\u00f3n o comunicaci\u00f3n p\u00fablica sobre los contenidos o bienes objeto de propiedad industrial sin la previa y expresa autorizaci\u00f3n del responsable.<\/p>\n\n\n\n<p class=\"has-nv-dark-bg-color has-text-color has-link-color wp-elements-eab3fa07ec7cbe04a10dbaafabe7d258\"><strong>Jurisdicci\u00f3n y legislaci\u00f3n vigente:<\/strong>&nbsp;Las Condiciones de Uso de esta web y todas las situaciones que pudieran derivarse de la misma, se regir\u00e1n por la legislaci\u00f3n europea, espa\u00f1ola y auton\u00f3mica complementarias. Ante cualquier controversia que pudiera derivarse del acceso o utilizaci\u00f3n de este website, el usuario hace renuncia expresa de su propio foro, someti\u00e9ndose a la jurisdicci\u00f3n de los Juzgados y Tribunales de Barcelona (Espa\u00f1a).<\/p>\n","protected":false},"excerpt":{"rendered":"<p>En cumplimiento del art\u00edculo 10 de la Ley 34\/2002, de 11 de julio, de Servicios de la Sociedad de la Informaci\u00f3n y Comercio Electr\u00f3nico, el Titular expone sus datos identificativos: Finalidad:&nbsp;La finalidad de esta web es informativa. Contenido:&nbsp;Proporcionamos informaci\u00f3n de productos ecol\u00f3gicos de peque\u00f1os productores en territorio espa\u00f1ol. Modificaciones:&nbsp;El titular y responsable de la web&hellip;&nbsp;<a href=\"https:\/\/mundobarbacoa.net\/index.php\/aviso-legal\/\" rel=\"bookmark\">Leer m\u00e1s &raquo;<span class=\"screen-reader-text\">Aviso legal<\/span><\/a><\/p>\n","protected":false},"author":1,"featured_media":0,"parent":0,"menu_order":0,"comment_status":"closed","ping_status":"closed","template":"","meta":{"neve_meta_sidebar":"","neve_meta_container":"","neve_meta_enable_content_width":"","neve_meta_content_width":0,"neve_meta_title_alignment":"","neve_meta_author_avatar":"","neve_post_elements_order":"","neve_meta_disable_header":"","neve_meta_disable_footer":"","neve_meta_disable_title":"","footnotes":""},"yoast_head":"<!-- This site is optimized with the Yoast SEO plugin v21.5 - https:\/\/yoast.com\/wordpress\/plugins\/seo\/ -->\n<title>Aviso legal - Mundo Barbacoa<\/title>\n<meta name=\"robots\" content=\"noindex, nofollow\" \/>\n<meta property=\"og:locale\" content=\"es_ES\" \/>\n<meta property=\"og:type\" content=\"article\" \/>\n<meta property=\"og:title\" content=\"Aviso legal - Mundo Barbacoa\" \/>\n<meta property=\"og:description\" content=\"En cumplimiento del art\u00edculo 10 de la Ley 34\/2002, de 11 de julio, de Servicios de la Sociedad de la Informaci\u00f3n y Comercio Electr\u00f3nico, el Titular expone sus datos identificativos: Finalidad:&nbsp;La finalidad de esta web es informativa. Contenido:&nbsp;Proporcionamos informaci\u00f3n de productos ecol\u00f3gicos de peque\u00f1os productores en territorio espa\u00f1ol. Modificaciones:&nbsp;El titular y responsable de la web&hellip;&nbsp;Leer m\u00e1s &raquo;Aviso legal\" \/>\n<meta property=\"og:url\" content=\"https:\/\/mundobarbacoa.net\/index.php\/aviso-legal\/\" \/>\n<meta property=\"og:site_name\" content=\"Mundo Barbacoa\" \/>\n<meta name=\"twitter:card\" content=\"summary_large_image\" \/>\n<meta name=\"twitter:label1\" content=\"Tiempo de lectura\" \/>\n\t<meta name=\"twitter:data1\" content=\"3 minutos\" \/>\n<script type=\"application\/ld+json\" class=\"yoast-schema-graph\">{\"@context\":\"https:\/\/schema.org\",\"@graph\":[{\"@type\":\"WebPage\",\"@id\":\"https:\/\/mundobarbacoa.net\/index.php\/aviso-legal\/\",\"url\":\"https:\/\/mundobarbacoa.net\/index.php\/aviso-legal\/\",\"name\":\"Aviso legal - Mundo Barbacoa\",\"isPartOf\":{\"@id\":\"https:\/\/mundobarbacoa.net\/#website\"},\"datePublished\":\"2024-11-20T10:08:43+00:00\",\"dateModified\":\"2024-11-20T10:08:43+00:00\",\"breadcrumb\":{\"@id\":\"https:\/\/mundobarbacoa.net\/index.php\/aviso-legal\/#breadcrumb\"},\"inLanguage\":\"es\",\"potentialAction\":[{\"@type\":\"ReadAction\",\"target\":[\"https:\/\/mundobarbacoa.net\/index.php\/aviso-legal\/\"]}]},{\"@type\":\"BreadcrumbList\",\"@id\":\"https:\/\/mundobarbacoa.net\/index.php\/aviso-legal\/#breadcrumb\",\"itemListElement\":[{\"@type\":\"ListItem\",\"position\":1,\"name\":\"Portada\",\"item\":\"https:\/\/mundobarbacoa.net\/\"},{\"@type\":\"ListItem\",\"position\":2,\"name\":\"Aviso legal\"}]},{\"@type\":\"WebSite\",\"@id\":\"https:\/\/mundobarbacoa.net\/#website\",\"url\":\"https:\/\/mundobarbacoa.net\/\",\"name\":\"Mundo Barbacoa\",\"description\":\"Analizamos los mejores modelos de barbacoas\",\"publisher\":{\"@id\":\"https:\/\/mundobarbacoa.net\/#\/schema\/person\/9cb2ce144c9050dc9d465106c00b4b60\"},\"potentialAction\":[{\"@type\":\"SearchAction\",\"target\":{\"@type\":\"EntryPoint\",\"urlTemplate\":\"https:\/\/mundobarbacoa.net\/?s={search_term_string}\"},\"query-input\":\"required name=search_term_string\"}],\"inLanguage\":\"es\"},{\"@type\":[\"Person\",\"Organization\"],\"@id\":\"https:\/\/mundobarbacoa.net\/#\/schema\/person\/9cb2ce144c9050dc9d465106c00b4b60\",\"name\":\"kmcerofood\",\"logo\":{\"@id\":\"https:\/\/mundobarbacoa.net\/#\/schema\/person\/image\/\"},\"sameAs\":[\"https:\/\/mundobarbacoa.net\"]}]}<\/script>\n<!-- \/ Yoast SEO plugin. -->","yoast_head_json":{"title":"Aviso legal - Mundo Barbacoa","robots":{"index":"noindex","follow":"nofollow"},"og_locale":"es_ES","og_type":"article","og_title":"Aviso legal - Mundo Barbacoa","og_description":"En cumplimiento del art\u00edculo 10 de la Ley 34\/2002, de 11 de julio, de Servicios de la Sociedad de la Informaci\u00f3n y Comercio Electr\u00f3nico, el Titular expone sus datos identificativos: Finalidad:&nbsp;La finalidad de esta web es informativa. Contenido:&nbsp;Proporcionamos informaci\u00f3n de productos ecol\u00f3gicos de peque\u00f1os productores en territorio espa\u00f1ol. Modificaciones:&nbsp;El titular y responsable de la web&hellip;&nbsp;Leer m\u00e1s &raquo;Aviso legal","og_url":"https:\/\/mundobarbacoa.net\/index.php\/aviso-legal\/","og_site_name":"Mundo Barbacoa","twitter_card":"summary_large_image","twitter_misc":{"Tiempo de lectura":"3 minutos"},"schema":{"@context":"https:\/\/schema.org","@graph":[{"@type":"WebPage","@id":"https:\/\/mundobarbacoa.net\/index.php\/aviso-legal\/","url":"https:\/\/mundobarbacoa.net\/index.php\/aviso-legal\/","name":"Aviso legal - Mundo Barbacoa","isPartOf":{"@id":"https:\/\/mundobarbacoa.net\/#website"},"datePublished":"2024-11-20T10:08:43+00:00","dateModified":"2024-11-20T10:08:43+00:00","breadcrumb":{"@id":"https:\/\/mundobarbacoa.net\/index.php\/aviso-legal\/#breadcrumb"},"inLanguage":"es","potentialAction":[{"@type":"ReadAction","target":["https:\/\/mundobarbacoa.net\/index.php\/aviso-legal\/"]}]},{"@type":"BreadcrumbList","@id":"https:\/\/mundobarbacoa.net\/index.php\/aviso-legal\/#breadcrumb","itemListElement":[{"@type":"ListItem","position":1,"name":"Portada","item":"https:\/\/mundobarbacoa.net\/"},{"@type":"ListItem","position":2,"name":"Aviso legal"}]},{"@type":"WebSite","@id":"https:\/\/mundobarbacoa.net\/#website","url":"https:\/\/mundobarbacoa.net\/","name":"Mundo Barbacoa","description":"Analizamos los mejores modelos de barbacoas","publisher":{"@id":"https:\/\/mundobarbacoa.net\/#\/schema\/person\/9cb2ce144c9050dc9d465106c00b4b60"},"potentialAction":[{"@type":"SearchAction","target":{"@type":"EntryPoint","urlTemplate":"https:\/\/mundobarbacoa.net\/?s={search_term_string}"},"query-input":"required name=search_term_string"}],"inLanguage":"es"},{"@type":["Person","Organization"],"@id":"https:\/\/mundobarbacoa.net\/#\/schema\/person\/9cb2ce144c9050dc9d465106c00b4b60","name":"kmcerofood","logo":{"@id":"https:\/\/mundobarbacoa.net\/#\/schema\/person\/image\/"},"sameAs":["https:\/\/mundobarbacoa.net"]}]}},"_links":{"self":[{"href":"https:\/\/mundobarbacoa.net\/index.php\/wp-json\/wp\/v2\/pages\/329"}],"collection":[{"href":"https:\/\/mundobarbacoa.net\/index.php\/wp-json\/wp\/v2\/pages"}],"about":[{"href":"https:\/\/mundobarbacoa.net\/index.php\/wp-json\/wp\/v2\/types\/page"}],"author":[{"embeddable":true,"href":"https:\/\/mundobarbacoa.net\/index.php\/wp-json\/wp\/v2\/users\/1"}],"replies":[{"embeddable":true,"href":"https:\/\/mundobarbacoa.net\/index.php\/wp-json\/wp\/v2\/comments?post=329"}],"version-history":[{"count":1,"href":"https:\/\/mundobarbacoa.net\/index.php\/wp-json\/wp\/v2\/pages\/329\/revisions"}],"predecessor-version":[{"id":330,"href":"https:\/\/mundobarbacoa.net\/index.php\/wp-json\/wp\/v2\/pages\/329\/revisions\/330"}],"wp:attachment":[{"href":"https:\/\/mundobarbacoa.net\/index.php\/wp-json\/wp\/v2\/media?parent=329"}],"curies":[{"name":"wp","href":"https:\/\/api.w.org\/{rel}","templated":true}]}}