{"id":15,"date":"2023-11-08T16:49:03","date_gmt":"2023-11-08T15:49:03","guid":{"rendered":"https:\/\/mundobarbacoa.net\/?page_id=15"},"modified":"2025-01-16T15:56:45","modified_gmt":"2025-01-16T14:56:45","slug":"barbacoas","status":"publish","type":"page","link":"https:\/\/mundobarbacoa.net\/","title":{"rendered":"Analizamos las mejores barbacoas por categor\u00edas"},"content":{"rendered":"\n<p class=\"has-text-align-center has-nv-c-2-background-color has-background has-medium-font-size\"><strong>Aqu\u00ed encontrar\u00e1s tu barbacoa ideal, para que disfrutes de un buen asado. Barbacoas de gas, carb\u00f3n y le\u00f1a, de obra, kamado, Weber, y mucho m\u00e1s<\/strong><\/p>\n\n\n\n<div class=\"wp-block-columns are-vertically-aligned-center is-layout-flex wp-container-core-columns-layout-1 wp-block-columns-is-layout-flex\">\n<div class=\"wp-block-column is-vertically-aligned-center is-layout-flow wp-block-column-is-layout-flow\">\n<div class=\"wp-block-buttons alignfull is-layout-flex wp-block-buttons-is-layout-flex\">\n<div class=\"wp-block-button has-custom-width wp-block-button__width-100 has-custom-font-size\" style=\"font-size:30px\"><a class=\"wp-block-button__link has-nv-c-2-background-color has-background wp-element-button\" href=\"https:\/\/mundobarbacoa.net\/index.php\/barbacoas-de-g\/\"><mark style=\"background-color:var(--nv-c-2)\" class=\"has-inline-color has-nv-site-bg-color\"><strong>Barbacoas de gas<\/strong><\/mark><\/a><\/div>\n\n\n\n<div class=\"wp-block-button has-custom-width wp-block-button__width-100 has-custom-font-size\" style=\"font-size:30px\"><a class=\"wp-block-button__link has-nv-c-2-background-color has-background wp-element-button\" href=\"https:\/\/mundobarbacoa.net\/index.php\/barbacoas-electricas\/\"><mark style=\"background-color:var(--nv-c-2)\" class=\"has-inline-color has-nv-site-bg-color\"><strong>Barbacoas <\/strong><\/mark>el\u00e9ctricas<\/a><\/div>\n<\/div>\n<\/div>\n\n\n\n<div class=\"wp-block-column is-vertically-aligned-center is-layout-flow wp-block-column-is-layout-flow\">\n<div class=\"wp-block-buttons is-layout-flex wp-block-buttons-is-layout-flex\">\n<div class=\"wp-block-button has-custom-width wp-block-button__width-100 has-custom-font-size\" style=\"font-size:30px\"><a class=\"wp-block-button__link has-nv-c-2-background-color has-background wp-element-button\" href=\"https:\/\/mundobarbacoa.net\/index.php\/barbacoas-de-carbon\/\">Barbacoas de carb\u00f3n<\/a><\/div>\n\n\n\n<div class=\"wp-block-button has-custom-width wp-block-button__width-100 has-custom-font-size\" style=\"font-size:30px\"><a class=\"wp-block-button__link has-nv-c-2-background-color has-background wp-element-button\" href=\"https:\/\/mundobarbacoa.net\/index.php\/barbacoas-kamado\/\">Barbacoas Kamado<\/a><\/div>\n<\/div>\n<\/div>\n\n\n\n<div class=\"wp-block-column is-vertically-aligned-center is-layout-flow wp-block-column-is-layout-flow\">\n<div class=\"wp-block-buttons is-layout-flex wp-block-buttons-is-layout-flex\">\n<div class=\"wp-block-button has-custom-width wp-block-button__width-100 has-custom-font-size\" style=\"font-size:30px\"><a class=\"wp-block-button__link has-nv-c-2-background-color has-background wp-element-button\" href=\"https:\/\/mundobarbacoa.net\/index.php\/barbacoas-de-obra\/\">Barbacoas de obra<\/a><\/div>\n\n\n\n<div class=\"wp-block-button has-custom-width wp-block-button__width-100 has-custom-font-size\" style=\"font-size:30px\"><a class=\"wp-block-button__link has-nv-c-2-background-color has-background wp-element-button\" href=\"https:\/\/mundobarbacoa.net\/index.php\/barbacoas-weber-2\/\">Barbacoas Weber<\/a><\/div>\n<\/div>\n<\/div>\n<\/div>\n\n\n\n<div style=\"height:41px\" aria-hidden=\"true\" class=\"wp-block-spacer\"><\/div>\n\n\n\n<div class=\"wp-block-columns is-layout-flex wp-container-core-columns-layout-2 wp-block-columns-is-layout-flex\">\n<div class=\"wp-block-column is-layout-flow wp-block-column-is-layout-flow\"><div class=\"wp-block-image\">\n<figure class=\"aligncenter size-full is-resized\"><a href=\"https:\/\/mundobarbacoa.net\/index.php\/category\/barbacoas-campingaz\/\"><img loading=\"lazy\" decoding=\"async\" width=\"283\" height=\"127\" src=\"https:\/\/mundobarbacoa.net\/wp-content\/uploads\/2024\/11\/Campingaz-barbacoas-1.png\" alt=\"Campingaz barbacoas\" class=\"wp-image-289\" style=\"width:332px;height:auto\"\/><\/a><\/figure><\/div>\n\n\n<div style=\"height:100px\" aria-hidden=\"true\" class=\"wp-block-spacer\"><\/div>\n\n\n<div class=\"wp-block-image\">\n<figure class=\"aligncenter size-full is-resized\"><img loading=\"lazy\" decoding=\"async\" width=\"261\" height=\"83\" src=\"https:\/\/mundobarbacoa.net\/wp-content\/uploads\/2024\/11\/Tepro-barbacoas-1.png\" alt=\"Tepro barbacoas\" class=\"wp-image-305\" style=\"width:305px;height:auto\"\/><\/figure><\/div><\/div>\n\n\n\n<div class=\"wp-block-column is-layout-flow wp-block-column-is-layout-flow\"><div class=\"wp-block-image\">\n<figure class=\"aligncenter size-full is-resized\"><a href=\"https:\/\/mundobarbacoa.net\/index.php\/category\/barbacoas-char-broil\/\"><img loading=\"lazy\" decoding=\"async\" width=\"500\" height=\"220\" src=\"https:\/\/mundobarbacoa.net\/wp-content\/uploads\/2024\/11\/char-broil-barbacoa-copia.jpg\" alt=\"Char broil barbacoa\" class=\"wp-image-273\" style=\"width:330px;height:auto\" srcset=\"https:\/\/mundobarbacoa.net\/wp-content\/uploads\/2024\/11\/char-broil-barbacoa-copia.jpg 500w, https:\/\/mundobarbacoa.net\/wp-content\/uploads\/2024\/11\/char-broil-barbacoa-copia-300x132.jpg 300w\" sizes=\"(max-width: 500px) 100vw, 500px\" \/><\/a><\/figure><\/div>\n\n\n<div style=\"height:100px\" aria-hidden=\"true\" class=\"wp-block-spacer\"><\/div>\n\n\n<div class=\"wp-block-image\">\n<figure class=\"aligncenter size-full is-resized\"><a href=\"https:\/\/mundobarbacoa.net\/index.php\/category\/barbacoas-landmann\/\"><img loading=\"lazy\" decoding=\"async\" width=\"222\" height=\"77\" src=\"https:\/\/mundobarbacoa.net\/wp-content\/uploads\/2024\/11\/Barbacoa-Landmann-logo.jpg\" alt=\"Barbacoa Tepro\" class=\"wp-image-272\" style=\"width:297px;height:auto\"\/><\/a><\/figure><\/div><\/div>\n\n\n\n<div class=\"wp-block-column is-layout-flow wp-block-column-is-layout-flow\">\n<figure class=\"wp-block-image size-full is-resized\"><a href=\"https:\/\/mundobarbacoa.net\/index.php\/category\/barbacoas-weber\/\"><img loading=\"lazy\" decoding=\"async\" width=\"348\" height=\"145\" src=\"https:\/\/mundobarbacoa.net\/wp-content\/uploads\/2024\/11\/Barbacoa-Weber-logo.png\" alt=\"Barbacoa Weber\" class=\"wp-image-269\" style=\"width:365px;height:auto\" srcset=\"https:\/\/mundobarbacoa.net\/wp-content\/uploads\/2024\/11\/Barbacoa-Weber-logo.png 348w, https:\/\/mundobarbacoa.net\/wp-content\/uploads\/2024\/11\/Barbacoa-Weber-logo-300x125.png 300w\" sizes=\"(max-width: 348px) 100vw, 348px\" \/><\/a><\/figure>\n\n\n\n<div style=\"height:100px\" aria-hidden=\"true\" class=\"wp-block-spacer\"><\/div>\n\n\n<div class=\"wp-block-image\">\n<figure class=\"aligncenter size-full is-resized\"><a href=\"https:\/\/mundobarbacoa.net\/index.php\/category\/tarrington-house\/\"><img loading=\"lazy\" decoding=\"async\" width=\"226\" height=\"79\" src=\"https:\/\/mundobarbacoa.net\/wp-content\/uploads\/2024\/11\/Tarrinton-House-barbacoas-1.png\" alt=\"Tarrinton House barbacoas\" class=\"wp-image-300\" style=\"width:275px;height:auto\"\/><\/a><\/figure><\/div><\/div>\n<\/div>\n\n\n\n<div style=\"height:123px\" aria-hidden=\"true\" class=\"wp-block-spacer\"><\/div>\n\n\n\n<h2 class=\"wp-block-heading has-text-align-center has-nv-c-2-background-color has-background\">\u00bfCu\u00e1ntos tipos de barbacoa hay?<\/h2>\n\n\n\n<h2 class=\"wp-block-heading has-text-align-center has-nv-c-2-background-color has-background\">Barbacoas al mejor precio<\/h2>\n\n\n\n<h2 class=\"wp-block-heading has-text-align-center has-nv-c-2-background-color has-background\">\u00bfConoces la diferencie entre una barbacoa y una parrilla?<\/h2>\n\n\n\n<h2 class=\"wp-block-heading has-text-align-center has-nv-c-2-background-color has-background\">Las mejores recetas para barbacoa<\/h2>\n\n\n\n<h2 class=\"wp-block-heading has-text-align-center has-nv-c-2-background-color has-background\">Los diferentes combustibles para barbacoa<\/h2>\n\n\n\n<p><\/p>\n","protected":false},"excerpt":{"rendered":"<p>Aqu\u00ed encontrar\u00e1s tu barbacoa ideal, para que disfrutes de un buen asado. Barbacoas de gas, carb\u00f3n y le\u00f1a, de obra, kamado, Weber, y mucho m\u00e1s \u00bfCu\u00e1ntos tipos de barbacoa hay? Barbacoas al mejor precio \u00bfConoces la diferencie entre una barbacoa y una parrilla? Las mejores recetas para barbacoa Los diferentes combustibles para barbacoa<\/p>\n","protected":false},"author":1,"featured_media":18,"parent":0,"menu_order":0,"comment_status":"closed","ping_status":"closed","template":"","meta":{"neve_meta_sidebar":"","neve_meta_container":"","neve_meta_enable_content_width":"","neve_meta_content_width":0,"neve_meta_title_alignment":"","neve_meta_author_avatar":"","neve_post_elements_order":"","neve_meta_disable_header":"","neve_meta_disable_footer":"","neve_meta_disable_title":"","footnotes":""},"yoast_head":"<!-- This site is optimized with the Yoast SEO plugin v21.5 - https:\/\/yoast.com\/wordpress\/plugins\/seo\/ -->\n<title>Analizamos las mejores barbacoas por categor\u00edas - Mundo Barbacoa<\/title>\n<meta name=\"description\" content=\"Aqu\u00ed encontrar\u00e1s tu barbacoa ideal, para que disfrutes de un buen asado. Barbacoas de gas, carb\u00f3n y le\u00f1a, de obra, kamado, Weber, y mucho m\u00e1s\" \/>\n<meta name=\"robots\" content=\"index, follow, max-snippet:-1, max-image-preview:large, max-video-preview:-1\" \/>\n<link rel=\"canonical\" href=\"https:\/\/mundobarbacoa.net\/\" \/>\n<meta property=\"og:locale\" content=\"es_ES\" \/>\n<meta property=\"og:type\" content=\"article\" \/>\n<meta property=\"og:title\" content=\"Analizamos las mejores barbacoas por categor\u00edas - Mundo Barbacoa\" \/>\n<meta property=\"og:description\" content=\"Aqu\u00ed encontrar\u00e1s tu barbacoa ideal, para que disfrutes de un buen asado. Barbacoas de gas, carb\u00f3n y le\u00f1a, de obra, kamado, Weber, y mucho m\u00e1s\" \/>\n<meta property=\"og:url\" content=\"https:\/\/mundobarbacoa.net\/\" \/>\n<meta property=\"og:site_name\" content=\"Mundo Barbacoa\" \/>\n<meta property=\"article:modified_time\" content=\"2025-01-16T14:56:45+00:00\" \/>\n<meta property=\"og:image\" content=\"https:\/\/mundobarbacoa.net\/wp-content\/uploads\/2023\/11\/Barrbacoas-scaled.jpeg\" \/>\n\t<meta property=\"og:image:width\" content=\"2560\" \/>\n\t<meta property=\"og:image:height\" content=\"1435\" \/>\n\t<meta property=\"og:image:type\" content=\"image\/jpeg\" \/>\n<meta name=\"twitter:card\" content=\"summary_large_image\" \/>\n<meta name=\"twitter:label1\" content=\"Tiempo de lectura\" \/>\n\t<meta name=\"twitter:data1\" content=\"2 minutos\" \/>\n<script type=\"application\/ld+json\" class=\"yoast-schema-graph\">{\"@context\":\"https:\/\/schema.org\",\"@graph\":[{\"@type\":\"WebPage\",\"@id\":\"https:\/\/mundobarbacoa.net\/\",\"url\":\"https:\/\/mundobarbacoa.net\/\",\"name\":\"Analizamos las mejores barbacoas por categor\u00edas - Mundo Barbacoa\",\"isPartOf\":{\"@id\":\"https:\/\/mundobarbacoa.net\/#website\"},\"datePublished\":\"2023-11-08T15:49:03+00:00\",\"dateModified\":\"2025-01-16T14:56:45+00:00\",\"description\":\"Aqu\u00ed encontrar\u00e1s tu barbacoa ideal, para que disfrutes de un buen asado. Barbacoas de gas, carb\u00f3n y le\u00f1a, de obra, kamado, Weber, y mucho m\u00e1s\",\"breadcrumb\":{\"@id\":\"https:\/\/mundobarbacoa.net\/#breadcrumb\"},\"inLanguage\":\"es\",\"potentialAction\":[{\"@type\":\"ReadAction\",\"target\":[\"https:\/\/mundobarbacoa.net\/\"]}]},{\"@type\":\"BreadcrumbList\",\"@id\":\"https:\/\/mundobarbacoa.net\/#breadcrumb\",\"itemListElement\":[{\"@type\":\"ListItem\",\"position\":1,\"name\":\"Portada\",\"item\":\"https:\/\/mundobarbacoa.net\/\"},{\"@type\":\"ListItem\",\"position\":2,\"name\":\"Analizamos las mejores barbacoas por categor\u00edas\"}]},{\"@type\":\"WebSite\",\"@id\":\"https:\/\/mundobarbacoa.net\/#website\",\"url\":\"https:\/\/mundobarbacoa.net\/\",\"name\":\"Mundo Barbacoa\",\"description\":\"Analizamos los mejores modelos de barbacoas\",\"publisher\":{\"@id\":\"https:\/\/mundobarbacoa.net\/#\/schema\/person\/9cb2ce144c9050dc9d465106c00b4b60\"},\"potentialAction\":[{\"@type\":\"SearchAction\",\"target\":{\"@type\":\"EntryPoint\",\"urlTemplate\":\"https:\/\/mundobarbacoa.net\/?s={search_term_string}\"},\"query-input\":\"required name=search_term_string\"}],\"inLanguage\":\"es\"},{\"@type\":[\"Person\",\"Organization\"],\"@id\":\"https:\/\/mundobarbacoa.net\/#\/schema\/person\/9cb2ce144c9050dc9d465106c00b4b60\",\"name\":\"kmcerofood\",\"logo\":{\"@id\":\"https:\/\/mundobarbacoa.net\/#\/schema\/person\/image\/\"},\"sameAs\":[\"https:\/\/mundobarbacoa.net\"]}]}<\/script>\n<!-- \/ Yoast SEO plugin. -->","yoast_head_json":{"title":"Analizamos las mejores barbacoas por categor\u00edas - Mundo Barbacoa","description":"Aqu\u00ed encontrar\u00e1s tu barbacoa ideal, para que disfrutes de un buen asado. Barbacoas de gas, carb\u00f3n y le\u00f1a, de obra, kamado, Weber, y mucho m\u00e1s","robots":{"index":"index","follow":"follow","max-snippet":"max-snippet:-1","max-image-preview":"max-image-preview:large","max-video-preview":"max-video-preview:-1"},"canonical":"https:\/\/mundobarbacoa.net\/","og_locale":"es_ES","og_type":"article","og_title":"Analizamos las mejores barbacoas por categor\u00edas - Mundo Barbacoa","og_description":"Aqu\u00ed encontrar\u00e1s tu barbacoa ideal, para que disfrutes de un buen asado. Barbacoas de gas, carb\u00f3n y le\u00f1a, de obra, kamado, Weber, y mucho m\u00e1s","og_url":"https:\/\/mundobarbacoa.net\/","og_site_name":"Mundo Barbacoa","article_modified_time":"2025-01-16T14:56:45+00:00","og_image":[{"width":2560,"height":1435,"url":"https:\/\/mundobarbacoa.net\/wp-content\/uploads\/2023\/11\/Barrbacoas-scaled.jpeg","type":"image\/jpeg"}],"twitter_card":"summary_large_image","twitter_misc":{"Tiempo de lectura":"2 minutos"},"schema":{"@context":"https:\/\/schema.org","@graph":[{"@type":"WebPage","@id":"https:\/\/mundobarbacoa.net\/","url":"https:\/\/mundobarbacoa.net\/","name":"Analizamos las mejores barbacoas por categor\u00edas - Mundo Barbacoa","isPartOf":{"@id":"https:\/\/mundobarbacoa.net\/#website"},"datePublished":"2023-11-08T15:49:03+00:00","dateModified":"2025-01-16T14:56:45+00:00","description":"Aqu\u00ed encontrar\u00e1s tu barbacoa ideal, para que disfrutes de un buen asado. Barbacoas de gas, carb\u00f3n y le\u00f1a, de obra, kamado, Weber, y mucho m\u00e1s","breadcrumb":{"@id":"https:\/\/mundobarbacoa.net\/#breadcrumb"},"inLanguage":"es","potentialAction":[{"@type":"ReadAction","target":["https:\/\/mundobarbacoa.net\/"]}]},{"@type":"BreadcrumbList","@id":"https:\/\/mundobarbacoa.net\/#breadcrumb","itemListElement":[{"@type":"ListItem","position":1,"name":"Portada","item":"https:\/\/mundobarbacoa.net\/"},{"@type":"ListItem","position":2,"name":"Analizamos las mejores barbacoas por categor\u00edas"}]},{"@type":"WebSite","@id":"https:\/\/mundobarbacoa.net\/#website","url":"https:\/\/mundobarbacoa.net\/","name":"Mundo Barbacoa","description":"Analizamos los mejores modelos de barbacoas","publisher":{"@id":"https:\/\/mundobarbacoa.net\/#\/schema\/person\/9cb2ce144c9050dc9d465106c00b4b60"},"potentialAction":[{"@type":"SearchAction","target":{"@type":"EntryPoint","urlTemplate":"https:\/\/mundobarbacoa.net\/?s={search_term_string}"},"query-input":"required name=search_term_string"}],"inLanguage":"es"},{"@type":["Person","Organization"],"@id":"https:\/\/mundobarbacoa.net\/#\/schema\/person\/9cb2ce144c9050dc9d465106c00b4b60","name":"kmcerofood","logo":{"@id":"https:\/\/mundobarbacoa.net\/#\/schema\/person\/image\/"},"sameAs":["https:\/\/mundobarbacoa.net"]}]}},"_links":{"self":[{"href":"https:\/\/mundobarbacoa.net\/index.php\/wp-json\/wp\/v2\/pages\/15"}],"collection":[{"href":"https:\/\/mundobarbacoa.net\/index.php\/wp-json\/wp\/v2\/pages"}],"about":[{"href":"https:\/\/mundobarbacoa.net\/index.php\/wp-json\/wp\/v2\/types\/page"}],"author":[{"embeddable":true,"href":"https:\/\/mundobarbacoa.net\/index.php\/wp-json\/wp\/v2\/users\/1"}],"replies":[{"embeddable":true,"href":"https:\/\/mundobarbacoa.net\/index.php\/wp-json\/wp\/v2\/comments?post=15"}],"version-history":[{"count":85,"href":"https:\/\/mundobarbacoa.net\/index.php\/wp-json\/wp\/v2\/pages\/15\/revisions"}],"predecessor-version":[{"id":544,"href":"https:\/\/mundobarbacoa.net\/index.php\/wp-json\/wp\/v2\/pages\/15\/revisions\/544"}],"wp:featuredmedia":[{"embeddable":true,"href":"https:\/\/mundobarbacoa.net\/index.php\/wp-json\/wp\/v2\/media\/18"}],"wp:attachment":[{"href":"https:\/\/mundobarbacoa.net\/index.php\/wp-json\/wp\/v2\/media?parent=15"}],"curies":[{"name":"wp","href":"https:\/\/api.w.org\/{rel}","templated":true}]}}